 1 + 11201?
11202
In base 14, what is -91 + 5?
-8a
In base 12, what is -579 + -4?
-581
In base 4, what is 3032 + 3?
3101
In base 5, what is -4 + -110?
-114
In base 16, what is 98 - -2?
9a
In base 2, what is 10010 - -1000?
11010
In base 13, what is 3 + -16cc?
-16c9
In base 9, what is 3752 + -1?
3751
In base 10, what is 9691 + 2?
9693
In base 12, what is a3 + 1?
a4
In base 16, what is b - -8?
13
In base 7, what is 5325 - 5?
5320
In base 7, what is 4 + -4016?
-4012
In base 11, what is -7 + -15?
-21
In base 15, what is 2 - -712?
714
In base 3, what is 1001 + -102?
122
In base 9, what is 81 + -3?
77
In base 6, what is -2 - 402?
-404
In base 7, what is 6 + -36?
-30
In base 2, what is 1101001 - 11?
1100110
In base 9, what is -307 - 34?
-342
In base 16, what is -5 + 33?
2e
In base 8, what is -26 + 52?
24
In base 7, what is 0 - 14663?
-14663
In base 9, what is 60 - -4?
64
In base 10, what is -130 + 5?
-125
In base 13, what is -4b + 5?
-46
In base 12, what is -1928 - -1?
-1927
In base 12, what is -1a + 13?
-7
In base 2, what is 1101 - -100?
10001
In base 8, what is 27 - 7?
20
In base 13, what is 3293 + 2?
3295
In base 16, what is 4 + -2d?
-29
In base 12, what is -102 + -2a?
-130
In base 3, what is -102 + -21?
-200
In base 8, what is -131 + -5?
-136
In base 15, what is 31 - 2?
2e
In base 2, what is -101 - 10101?
-11010
In base 12, what is -8 - 29?
-35
In base 8, what is -1 - -53?
52
In base 13, what is 0 - 416?
-416
In base 12, what is -27 - -207?
1a0
In base 16, what is -2 + -65?
-67
In base 8, what is -61243 + 4?
-61237
In base 13, what is -198 + -1?
-199
In base 6, what is -245 - 3?
-252
In base 8, what is 0 - 4610?
-4610
In base 11, what is -4 - -17a3?
179a
In base 4, what is -123 + 332?
203
In base 13, what is 5a + 4?
61
In base 12, what is 12 + 251?
263
In base 3, what is -11001111 - -11?
-11001100
In base 8, what is -35 + 4?
-31
In base 16, what is -7 + -1a?
-21
In base 2, what is 11011011010111 + -1?
11011011010110
In base 5, what is -1 - 1430?
-1431
In base 3, what is -12 + -1020211?
-1021000
In base 5, what is -3122 - -2?
-3120
In base 10, what is -5 + -2079?
-2084
In base 4, what is -11021 - -11?
-11010
In base 10, what is 1 + -13?
-12
In base 11, what is 1315 - -5?
131a
In base 12, what is -4 + 203?
1bb
In base 12, what is -21 - 54?
-75
In base 6, what is -2 - -122?
120
In base 3, what is 121 - 11?
110
In base 2, what is 10001000000111 - 101?
10001000000010
In base 16, what is 4 + 2e0?
2e4
In base 8, what is 36 + -3?
33
In base 6, what is 20 + 441?
501
In base 16, what is -2c - -2?
-2a
In base 6, what is 1 - 2334?
-2333
In base 9, what is -2085 - -4?
-2081
In base 8, what is -5 + -415?
-422
In base 16, what is 192 + -3?
18f
In base 10, what is -3 + -3?
-6
In base 6, what is -5 - -542?
533
In base 2, what is 1000 + -10010110?
-10001110
In base 12, what is -ba - 3?
-101
In base 2, what is -100 - 100010?
-100110
In base 6, what is -5 - -3251?
3242
In base 15, what is -2 + 379?
377
In base 14, what is -14 - -11?
-3
In base 5, what is -1212 + -1?
-1213
In base 10, what is 74 - -144?
218
In base 5, what is -20213 - 4?
-20222
In base 12, what is -3 - 72?
-75
In base 9, what is -5 + 5645?
5640
In base 15, what is -92 + -5?
-97
In base 8, what is 156 - 67?
67
In base 5, what is -431200 + 3?
-431142
In base 16, what is -228a - -3?
-2287
In base 4, what is 32121 + 11?
32132
In base 14, what is -335 + a?
-329
In base 8, what is 4 + -74?
-70
In base 5, what is 4 - -420?
424
In base 9, what is 8 + -12?
-3
In base 10, what is -4 + -11?
-15
In base 11, what is 256 + -8?
249
In base 14, what is -18 + -79?
-93
In base 14, what is -2 + -892?
-894
In base 8, what is -6 + -154?
-162
In base 10, what is 15 + 401?
416
In base 3, what is 2221 + 1?
2222
In base 6, what is -1115 - 1?
-1120
In base 13, what is 4059 - -4?
4060
In base 8, what is -1 - -314?
313
In base 16, what is 1594 + 3?
1597
In base 3, what is 12 + -2111021?
-2111002
In base 10, what is 5 + -5612?
-5607
In base 6, what is 51 + -12?
35
In base 7, what is 0 + 331?
331
In base 15, what is 1 - -82?
83
In base 11, what is 43 + -a?
34
In base 2, what is -10000001 + -10101?
-10010110
In base 6, what is -525 + 3?
-522
In base 14, what is 8d + -4?
89
In base 11, what is -7 - -174?
168
In base 2, what is -11 + 11010111?
11010100
In base 13, what is 2 + -455?
-453
In base 9, what is -2610 - 0?
-2610
In base 16, what is -7bc - 4?
-7c0
In base 13, what is 1 - -80?
81
In base 15, what is 3 - 10e1?
-10dd
In base 10, what is 2 - 1337?
-1335
In base 15, what is -1 + 165?
164
In base 3, what is -2201 - -12?
-2112
In base 10, what is 1091 - -6?
1097
In base 14, what is 2 - -165d?
1661
In base 10, what is 13759 - -5?
13764
In base 13, what is 0 - b3?
-b3
In base 8, what is -60 - 7?
-67
In base 8, what is 5 - 23?
-16
In base 3, what is 10 - 212211?
-212201
In base 4, what is -2023232 - -11?
-2023221
In base 7, what is -321 + -4?
-325
In base 11, what is 5 + 155?
15a
In base 16, what is -21 + -2?
-23
In base 12, what is -4 + 20?
18
In base 13, what is -3 - -bb4?
bb1
In base 13, what is -38 + 10?
-28
In base 9, what is -31 - -26?
-4
In base 3, what is -1 + -10212?
-10220
In base 2, what is 1001001010 - 111?
1001000011
In base 12, what is -107 + -2?
-109
In base 3, what is -1100 - 12202?
-21002
In base 16, what is 3 + -3c?
-39
In base 4, what is -22120 - 11?
-22131
In base 15, what is 3c + -22?
1a
In base 7, what is 2424 + -1?
2423
In base 15, what is 5 - 5d?
-58
In base 6, what is 2 - -10400?
10402
In base 9, what is -867 - 3?
-871
In base 11, what is -9 + -57?
-65
In base 6, what is -120424 - 2?
-120430
In base 9, what is -3558 + 3?
-3555
In base 9, what is 5 - -14?
20
In base 12, what is 0 - -1749?
1749
In base 10, what is 94 + 0?
94
In base 15, what is -661 - 1?
-662
In base 12, what is 8 - -284?
290
In base 9, what is -2 - -1260?
1257
In base 7, what is 12131 + -2?
12126
In base 16, what is -7 + 1ec?
1e5
In base 6, what is 0 + 411?
411
In base 6, what is -5 + -5404?
-5413
In base 6, what is 23 + 24?
51
In base 15, what is -1 + bb?
ba
In base 16, what is -2 + 17?
15
In base 15, what is -10 - a7?
-b7
In base 4, what is -1012 - -10?
-1002
In base 3, what is 2120 - -2?
2122
In base 9, what is 3 - 56?
-53
In base 13, what is 2a - -11?
3b
In base 4, what is -101 - -233?
132
In base 12, what is -126 - 4?
-12a
In base 16, what is 0 - 144?
-144
In base 11, what is 26 - -5?
30
In base 14, what is 200 + 4?
204
In base 14, what is 68 - -57?
c1
In base 9, what is -3 - -5571?
5567
In base 8, what is -2743 + 5?
-2736
In base 5, what is 42 - -432?
1024
In base 7, what is -215 + -2?
-220
In base 7, what is -363 - -116?
-244
In base 3, what is -10022 - -20?
-10002
In base 2, what is 101 + 101001?
101110
In base 5, what is -4 + 24321?
24312
In base 8, what is 76 - -4?
102
In base 11, what is -79 - 0?
-79
In base 15, what is 8 + -b?
-3
In base 2, what is -101010011011 + -100?
-101010011111
In base 10, what is -1180 - 1?
-1181
In base 13, what is 146 - -2?
148
In base 13, what is 5b - 42?
19
In base 4, what is 11 - 2?
3
In base 7, what is 24535 + 5?
24543
In base 3, what is 1 - -1212111?
1212112
In base 3, what is -22 + 220?
121
In base 5, what is 11 - 233?
-222
In base 3, what is 221111 + 11?
221122
In base 12, what is 476 - 4?
472
In base 10, what is 1694 - -5?
1699
In base 10, what is 5 - 143?
-138
In base 11, what is 0 + -225a?
-225a
In base 5, what is 11 + 113?
124
In base 13, what is -242 + 8?
-237
In base 12, what is -11 - 122?
-133
In base 10, what is 672 - -5?
677
In base 15, what is -4 + -29?
-2d
In base 13, what is -42 + -276?
-2b8
In base 8, what is 2 - -5?
7
In base 8, what is 420 + -5?
413
In base 11, what is 4 - 11?
-8
In base 7, what is -213 + 1?
-212
In base 14, what is 7 + -122c?
-1225
In base 14, what is 67 - 63?
4
In base 14, what is -484 + -4?
-488
In base 12, what is -7 + 13?
8
In base 13, what is 218 - -13?
22b
In base 4, what is 123 - -3010?
3133
In base 4, what is 3 + 2000?
2003
In base 11, what is 5 - 196?
-191
In base 2, what is 0 + 1010011001?
1010011001
In base 3, what is -11 - 11002?
-11020
In base 7, what is 44 - 403?
-326
In base 10, what is 2 + 45?
47
In base 9, what is -112 + 13?
-88
In base 2, what is 100 + -1010?
-110
In base 13, what is 42a + -16?
414
In base 11, what is 43 + 1?
44
In base 6, what 